5040 - w**5/30 + 6*w**2. Let o(v) be the third derivative of d(v). Calculate o(-5).
5
Suppose -4*y - 20 = -0*y. Let l(f) = f**2 + 4*f - 4. What is l(y)?
1
Let c(p) = -3*p + 9. Let x be -1 - (12/8 + 3)*-2. What is c(x)?
-15
Suppose 5*f - 34 = n - 11, -4*f + 3*n = -14. Let h be 4/f - 4/(-20). Let s(r) = -1 + 2*r**3 - r**3 + r**2 + 2*r**3. Give s(h).
3
Let i(t) = -15*t + 5. Let z(q) = -23*q + 8. Let m(c) = 8*i(c) - 5*z(c). What is m(1)?
-5
Let s(l) = l**3 - 7*l**2 + 5*l + 2. Let z = -3 + 7. Suppose -f = -2*u - 6, -18 = f - z*f - 3*u. Determine s(f).
-4
Let x(r) = -r. Let k be x(-7). Let m = k + -15. Let p = m + 5. Let y(a) = -2*a - 4. Determine y(p).
2
Let u(s) = 3*s - 2. Suppose 4*q + 12 = 4*j, 0*j - 4*j + 18 = -2*q. Calculate u(j).
16
Let r(x) = -8*x**3 - x**2 + 1. Let q = 16 - 8. Suppose -u + 4 + q = -5*k, -9 = 2*k + u. Let g be ((-4)/12)/(1/k). Calculate r(g).
-8
Let t(j) be the third derivative of j**5/60 - 5*j**4/24 - j**3/6 + j**2. Calculate t(4).
-5
Let q = -4 - -14. Suppose m = -4*t + 2 + q, -5*m = 0. Let n(f) = f**3 - 4*f**2 - f + 4. Determine n(t).
-8
Let m(u) be the first derivative of u**2/2 - 4*u + 1. Let a(b) = 1. Let h = -5 - -8. Let o(x) = h*a(x) + m(x). Give o(-1).
-2
Let z(i) be the third derivative of i**9/60480 - i**8/20160 - i**7/5040 + i**6/90 - i**5/60 - 3*i**2. Let p(m) be the third derivative of z(m). Determine p(0).
8
Let v(q) = 3*q**2 + q - 2. Let u be v(-2). Let t(s) = u*s - 8*s - 1 - 2*s. Suppose 5*n - 4*i = -23, 5*i + 11 = -5*n + 3*i. Give t(n).
5
Suppose -5*m - 46 + 71 = 0. Let z(p) = p**2 - 2*p - 6. Calculate z(m).
9
Let s = -1 + 1. Let v(m) be the first derivative of 2 + 0*m**2 + 6*m + 1/3*m**3. Determine v(s).
6
Let b(t) = -2*t + 7. Let d(c) = -2*c + 8. Let j(x) = -3*b(x) + 2*d(x). Determine j(6).
7
Let z(k) be the first derivative of k**2 + 3*k - 2. Let s(y) = -5*y - 7. Let x(b) = -3*s(b) - 7*z(b). Let d(w) = -w**2. Let v be d(-2). What is x(v)?
-4
Let u = 5 + -8. Let j(r) = -r**3 - 3*r**2 - 2*r - 1. Calculate j(u).
5
Suppose -7*t - 18 - 24 = 0. Let s(w) = w. Determine s(t).
-6
Let j(i) = -i + 8. Let b(h) = -h**2 + 12*h + 17. Let o be b(13). Calculate j(o).
4
Let r be 0/2 + (-1 - 4). Let d(o) be the second derivative of o**3/3 + 2*o**2 - 8*o. Calculate d(r).
-6
Let a(t) = -t**3 + 6*t**2 - 5*t - 4. Suppose r = 2 - 0. Suppose g = 5, -g + 3*g - 10 = r*j. Suppose -3*p + 0*b = -3*b - 27, j = -p - 3*b - 11. Calculate a(p).
8
Let d(n) = -n + 0*n + 0*n + 6. Let u be d(5). Suppose -u = -b - 2. Let f(v) = -4*v. What is f(b)?
4
Let b(o) = -o**2 - 5*o + 2. Let s be b(-6). Let w(z) = z**3 + 5*z**2 + 3*z - 4. Calculate w(s).
0
Let x(v) = -18*v**2 - 2*v - 1. Let t = -97 - -96. Calculate x(t).
-17
Let y(x) = 3*x**2. Let p be (((-4)/2)/2)/1. Determine y(p).
3
Let m(w) = -w**2 + 6*w + 8. Let x be m(7). Let o(y) = -4*y. Give o(x).
-4
Let i(l) be the third derivative of -l**6/60 - l**4/12 + l**3/3 + 55*l**2. Give i(2).
-18
Let k(m) be the second derivative of 1/360*m**6 - 1/12*m**4 - 2*m + 0*m**2 + 0*m**5 + 0*m**3 + 0. Let w(c) be the third derivative of k(c). Calculate w(1).
2
Let z(p) = p**3 - 3*p**2 - p + 2. Let b be ((-8)/6)/((-2)/3). Suppose 3*x = -b + 11. Determine z(x).
-1
Let r(w) = 4*w + 4*w**2 - 6 - w**3 + 2 + 3 - 5*w. Suppose 14 = b + b - 4*l, l + 5 = b. Calculate r(b).
5
Suppose l + 50 = 3*y - l, l = -2*y + 45. Let i(w) = -22 + y + 2*w - 2*w + w**2. Determine i(-4).
14
Let a(h) = 0 - 2 - 3*h + 4*h. Let z = 6 + -3. Determine a(z).
1
Suppose 2*m - 23 - 3 = 0. Suppose 0 = -5*o + k - m, 3*o - 1 = 4*k + k. Let t(f) = -2*f + 7. Let s(u) = -3*u + 8. Let c(l) = 4*s(l) - 5*t(l). Determine c(o).
3
Let g = 3 + 0. Suppose 0 = 4*u + 4, -g = -y + 5*u + 3. Let n(b) = -3*b**3 + 2*b**2 - b. Give n(y).
-2
Let h(i) = -2*i**2 + i - 3. Let x = 16 + -19. Let a(f) = 3*f**2 + 3. Let z(j) = x*a(j) - 4*h(j). Let m be 2/2 + -2 + -4. Calculate z(m).
-2
Let d(t) = -3*t**2 - 8. Let c = -2 - -1. Let x(p) = p**2 + 1. Let n(h) = c*d(h) - 2*x(h). Let w be n(0). Let s(a) = -a**3 + 7*a**2 - 6*a - 3. Determine s(w).
-3
Let h(k) be the second derivative of k**6/360 + k**5/60 - k**4/8 - k**3/2 - 3*k. Let v(s) be the second derivative of h(s). Determine v(-4).
5
Let a(t) = -t**2 + 7*t + 6. Let k(q) = q + 1. Let d(r) = -2*a(r) + 14*k(r). Let g be (120/9)/(-4)*3. Let l be (-10)/4 - 5/g. What is d(l)?
10
Suppose 2*t - 3*x = 21, 5*t - 3*t - 31 = 5*x. Suppose 4*f - j - 9 = 0, 2*f - 20 + 5 = -t*j. Let v(z) = z**3 - 2*z**2 - 4*z + 2. What is v(f)?
-1
Let v(r) be the third derivative of r**6/120 + r**5/6 + 5*r**4/12 + 3*r**3/2 + 3*r**2. Let m be v(-9). Let u(f) = -f + 4. What is u(m)?
4
Let t(y) = 2*y + 4. Suppose -2*a + a + 2 = 0. Let o = 0 + a. Suppose 4*i + 2*s + s = 0, -o*i = -4*s + 22. What is t(i)?
-2
Let c(v) be the second derivative of -v**5/20 + 5*v**4/12 + 4*v**3/3 - 3*v**2/2 - 7*v. Calculate c(6).
9
Let g(o) = -3 + 6 + 2*o**2 - 3221*o**3 - 4*o + 3220*o**3. Calculate g(2).
-5
Let z(n) = 5*n**2 + n**2 + 7*n**3 - 3*n**3 + 6*n - 5*n**3 + 9. Give z(7).
2
Suppose -19 = 3*o - 4. Let l(t) = -t + 12. Let z be l(8). Let y(v) = 2 + 0*v**2 - 4 + v**2 - z + 4*v. Calculate y(o).
-1
Let j = -6 + 9. Let m(q) = -4*q**3 + q - 4 - 2*q - 5*q**2 + 3*q**j - 3*q. What is m(-4)?
-4
Suppose -2 = -6*g + 28. Let o(l) = l**3 - 5*l**2 + l + 6. Give o(g).
11
Let o(j) = -j**3 - 7*j**2 - 10*j - 14. Let c be o(-6). Let d be 2/(-6) - c/(-3). Let u(t) = -t**3 + 2*t**2 - t - 1. Calculate u(d).
-13
Let u(d) = -d**3 + 3*d**2 + 2*d - 4. Suppose -v + 0 + 4 = 0. Let t(c) = c + 5. Let l be t(-4). Let p = v - l. Give u(p).
2
Suppose 5 = -4*o + m, 0 = -o - 2*m + m. Let k(v) = -v + 1 + v**2 + 3*v - v. What is k(o)?
1
Suppose -2*k = -4*k + 4. Let o(w) = 3*w - 1. What is o(k)?
5
Let s(g) = g**2 + 7*g + 6. Let v be s(-5). Let n(m) = -3*m**2 - 1 + 4*m**2 - 2*m**2 - 4*m + m. Give n(v).
-5
Let y(c) = -c**2 + c. Let s = 8 - 11. Let q(b) = 4*b**2 - 3*b - 2. Suppose -l + 4*o + 8 = 3*l, -4*l - 1 = -o. Let p(m) = l*q(m) + s*y(m). Determine p(2).
-2
Let u(j) = 2*j - 5. Let i be u(4). Let f(v) = -v**2 - v + 2. What is f(i)?
-10
Let q be 1 + (-4)/((-4)/(-5)). Let a(s) = -s**2 - 5*s - 3. Give a(q).
1
Suppose 4*d - 49 = c + 23, 4*d - 5*c = 72. Suppose -3*b = -0*b + d. Let k(r) = r + 1. Calculate k(b).
-5
Let b(h) = -10*h. Suppose -3*x - 2*x + 10 = 0. Suppose -4*f - 5 = -9*f + x*g, 24 = -4*f - 4*g. Give b(f).
10
Let t be (-16)/40 - 66/(-15). Let i(b) = b**3 - 3*b**2 - 5*b + 4. Calculate i(t).
0
Let t be ((-16)/(-32))/(1/(-4)*-2). Let f(g) = 9*g**3 - 2*g**2 + g. Calculate f(t).
8
Let a(b) = -1 - b - b + 14*b. What is a(-1)?
-13
Let v(t) be the first derivative of t**2 - 2*t + 12. Let m(x) = -x**3 - x - 6. Let w be m(0). Let p = 10 + w. Give v(p).
6
Let t(i) = i**2 - 6*i - 5. Let b be t(7). Let c(s) = -b*s**2 - s**3 + 2*s + 2*s**3 - 3*s**3. What is c(-2)?
4
Suppose 8*j - 28 = 4*j. Let a(p) = -p - 1. Give a(j).
-8
Suppose 2*v + 1 - 11 = 0. Suppose -4*x - 2*b - 36 = 0, v*x - 2*b + 45 = -b. Let r = x + 6. Let z(o) = o**2 + o. Give z(r).
6
Let o = 7 + -5. Let b(i) = -3*i - 5*i**o - 3*i**3 + i**3 + i**3. Suppose n - 2 = -4. Determine b(n).
-6
Let j be (3/6)/((-1)/4) - -1. Let v(r) be the first derivative of -7*r**3/3 + 2. Give v(j).
-7
Let u(b) = -b**2 - 5*b - 4. Let k be ((-36)/(-24))/((-6)/16). Determine u(k).
0
Let f(v) = 4*v - 3*v**2 - v**2 - 4*v**3 - 11*v**3 - 11. Let t(g) = -8*g**3 - 2*g**2 + 2*g - 5. Let l(y) = -4*f(y) + 9*t(y). Determine l(1).
-13
Let s(y) = y**2 + 3*y + 2. Let j be -9 + 5 - (-1)/1. Calculate s(j).
2
Let s(b) = -3 - b + 3 - 5. Let c be s(-5). Let a(g) = g + 2 - 6 + 0*g**3 + g**3. Determine a(c).
-4
Let x(m) = m**3 + 7*m**2 + 7*m + 4. Let p = 38 - 44. Determine x(p).
-2
Let c(f) = f**2 + 4 + 4*f - 2 + 0. Let k(w) = w. Let q be k(-4). Calculate c(q).
2
Suppose 2 = -4*g + 5*y - 3*y, 5*g = -3*y + 25. Let u be -6 - -3 - (0 - g). Let z(j) = 2*j**2 + j. What is z(u)?
1
Let c = -127 + 3049/24. Let b(u) be the third derivative of 0 - c*u**4 + 1/120*u**6 + 1/30*u**5 + 0*u + 2/3*u**3 - 4*u**2. Calculate b(-3).
-2
Let a(j) = j + 1. Let b(c) = 4*c**2 + c + 1. Let w(q) = 2*a(q) - b(q). Let d be (-4)/(-3)*15/10. Let x be (-1)/d - (-2)/(-4). What is w(x)?
-4
Let f(b) = -b - 7. Let i(p) = p**2 - 51*p + 36. Let g(q) = -10*q + 7. Let h(d) = 11*g(d) - 2*i(d). Let w be h(-5). Give f(w).
-2
Let n be 0 - 1 - (-22 - 